s = 0. What is d(c)?
5
Let b(l) = -2*l - 1. Let g be (-6)/(-4)*(-20)/15. Let k = g - 0. Determine b(k).
3
Let i(q) be the third derivative of -q**4/24 + q**3/6 + 2*q**2. Calculate i(0).
1
Let d be (-7 + 10)*(0 - 2). Let l(i) = i**2 + 4*i - 8. Determine l(d).
4
Let h(o) = -3*o**3 - 7*o**2 - 4*o + 9. Let l(x) = 5*x**3 + 10*x**2 + 6*x - 13. Let c(d) = -8*h(d) - 5*l(d). Determine c(6).
5
Let u(y) = y**2 + 6*y - 1. Let l be u(-6). Let o(b) be the second derivative of b**4/12 + b**3/6 + 4*b. Calculate o(l).
0
Let f(v) = -v + 1. Let c(o) = o**3 - 4*o**2 - 5*o + 4. Let g(x) = -c(x) - 3*f(x). Let w be 10/(-3)*12/(-8). Calculate g(w).
8
Suppose 0 = -5*d - 4*m + 10 - 0, -d - 4*m = -2. Let r(z) = -1 - z**3 + 3*z + 2*z**3 - 4*z**d - 1. Let i be 4 - ((-2)/2 - -3). Determine r(i).
-4
Let y(k) be the third derivative of -k**8/20160 + k**6/180 + k**5/10 + 6*k**2. Let x(l) be the third derivative of y(l). What is x(-3)?
-5
Let y(s) = 6*s**3 - s**2 + s - 1. Let p = -8 - -12. Suppose 2*r - 4 = p*n, 0 = n + 3*n - 5*r + 16. Calculate y(n).
5
Let v(b) = -b + 2. Let d = 40 + -38. What is v(d)?
0
Let n(z) = -z - 11. Let c(a) = a. Let b(p) = 2*c(p) + n(p). Let o = -12 + 15. Suppose 0 = -r + 2*u + 4 + o, -5*r + 3*u + 28 = 0. What is b(r)?
-6
Let o(l) = 7*l + 6. Let q(s) = s. Let w(d) = -o(d) + 4*q(d). Suppose 5*h - 17 = -2*j, -4*j + 5 - 41 = -4*h. What is w(j)?
6
Let y(c) be the first derivative of c**3/3 + 5*c**2/2 + 2*c + 7. Determine y(-4).
-2
Let h = -8 + 13. Let s(w) be the first derivative of -w**5/60 + 5*w**4/24 + w**3/6 - 2*w**2 - 4. Let q(y) be the second derivative of s(y). Calculate q(h).
1
Let k = 7 + -10. Let p(i) be the first derivative of i**3/3 + i**2 + i - 21. What is p(k)?
4
Let n(i) be the first derivative of -i**6/120 + i**5/60 + 3*i**2 - 5. Let d(m) be the second derivative of n(m). Calculate d(-1).
2
Let a(h) be the first derivative of -h**4/4 - 2*h**3 + 9*h**2/2 + 9*h - 19. Give a(-7).
-5
Let f(q) be the first derivative of q**4/4 - 5*q**3/3 - 2*q + 2. Let b(h) = h**2 - 2*h - 3. Let j be b(-2). Determine f(j).
-2
Let b(t) be the third derivative of t**6/60 + t**4/24 + t**3/6 + 4*t**2 - 4*t. Determine b(-1).
-2
Let b(p) be the third derivative of -1/60*p**5 + 1/8*p**4 + 2*p**2 + 0 + 0*p + 5/6*p**3. Let w = -7 - -12. What is b(w)?
-5
Let x(s) = 0 + 12 - s - 4 - 4. Let l = 7 + -5. Give x(l).
2
Let r(x) = -2*x + x + 0 + 6*x**3 - 1 + 2 - x**2. Let d(c) = -c**3 + 2*c**2 + 2*c + 4. Let t be d(3). Calculate r(t).
5
Let j(o) be the third derivative of -o**4/12 + o**3 + o**2. Give j(4).
-2
Suppose -4*k + 3*g + 39 = -0*g, -2*g = 2. Suppose k = q + 2*o, q - 3*o + 0 + 16 = 0. Let m = q + 6. Let h(s) = s**2 - 5*s - 3. Determine h(m).
-3
Suppose 0*o - 2*o = -8. Let u(j) = 0 + 6 - 256*j + 515*j - 261*j. Calculate u(o).
-2
Let w = 1 + 2. Let z be w*-1*(-1 - 0). Let l(y) = y - 2. Determine l(z).
1
Let i(s) be the first derivative of -3*s**4/4 + 4*s**3/3 - 3*s**2/2 - 12. Calculate i(2).
-14
Let i(m) = 3*m**2 - 6*m - 7. Let f(w) = -2*w**2 + 5*w + 6. Let g(l) = 4*f(l) + 3*i(l). Calculate g(-2).
3
Let r(v) = -v**2 + v + 1. Let l(c) = c**3 - 7*c**2 - 2*c + 1. Let k(m) = -l(m) - r(m). What is k(8)?
6
Let s(m) = m**3 - 4*m**2 - 5*m + 4. Suppose -2*d + 22 = -3*f, -3*d + f + 29 = 2*d. Give s(d).
4
Suppose 7*v - 6*v + 20 = -3*y, -5*v = -3*y + 10. Let o(p) = 1 - 1 - 4 + 3*p + p**2. What is o(y)?
6
Let s(v) be the second derivative of -v**4/12 - 2*v**3/3 - v**2/2 - 23*v. Let o be 14/(-6) - (-1)/3. Calculate s(o).
3
Let n(v) = -3*v + 2*v + 130 - 126. Calculate n(4).
0
Let t(s) = -s**3 - 6*s**2 + 7*s - 8. Suppose -3*c + 23 + 15 = -5*b, -4*b + 3*c - 31 = 0. Calculate t(b).
-8
Let k(a) = -a**3 - a**2 + 1. Let o = -61 + 61. Determine k(o).
1
Let z(l) = -l**2 - 3*l - 7. Let v(r) = -r**2 - 4*r - 8. Let a(g) = 4*v(g) - 5*z(g). Calculate a(-3).
15
Let u(c) = 0 + 5*c**2 - 6*c**2 + 2*c**2 - 4 - 6*c. What is u(5)?
-9
Let t(c) = 7*c. Let h(d) be the first derivative of d + 1. Let j(p) = h(p) + t(p). Suppose 3*n = 5*w + 18, -3*n - 4*w - 9 = -0. Calculate j(n).
8
Suppose 0 = -n + 5*n + 24. Let l = n + 3. Let w(c) = -3 + c**2 + 0*c**2 + 2*c + c. Calculate w(l).
-3
Suppose -6*f = -f - 15. Let l(a) = -3 + a**f + 5 - 5*a**3 + 5*a**3. Calculate l(-2).
-6
Let s(y) = 5*y - y + 3 - y. Calculate s(-2).
-3
Let k(g) = 2 + g - 4 + 2. Let r be k(1). Let u(f) = 3*f + 1. What is u(r)?
4
Let d be (-10)/6*(4 - 7). Let n(g) be the first derivative of -g**2/2 + 3*g + 1. Determine n(d).
-2
Let m(v) be the third derivative of v**5/60 + v**4/4 + v**3/2 - v**2. Let p be 5*6/(-15)*1. Determine m(p).
-5
Let v(z) = z**2 - 5*z + 1. Suppose 0 = -4*d - 0*d - 3*l + 5, -5*d - 2*l + 15 = 0. Let r(j) = -2*j - 2*j - 4*j**2 + d - j + 3*j**2. Let w be r(-5). What is v(w)?
1
Let q = -4 - -12. Let g = -4 + q. Let u(a) = -2*a + 6. Let f(s) = -2*s + 5. Let b(t) = -5*f(t) + 4*u(t). What is b(g)?
7
Suppose 9 = 2*t + 1. Let i(f) = f**3 - 4*f**2 + f - 4. Give i(t).
0
Suppose k - 6 = -k. Let o(c) = -c**2 - 3 + 7*c**2 - 2*c**2 - c**k + 2*c - c**2. Determine o(3).
3
Let d(k) be the first derivative of -k**3/3 + 3*k**2/2 - 4*k - 13. Give d(6).
-22
Let p(r) = 2*r**2 - 1 - 3*r**2 + 2*r**2. Suppose 0 = 4*x - 3*b - 1, -3*b + 7 - 2 = 2*x. Give p(x).
0
Let f(w) be the first derivative of -w**3/6 + 2*w**2 - 7*w + 1. Let m(o) be the first derivative of f(o). Determine m(-6).
10
Let q(j) = j**3 + 17. Suppose 0 = -5*s + 5*v - 20, 2 = -5*s + v - 2. Calculate q(s).
17
Suppose -n = -6*n + 45. Let x be (24/n)/((-6)/(-9)). Let z(o) = o**3 - 3*o**2 - 5*o + 2. Give z(x).
-2
Let m(f) = 2*f. Let k be m(1). Let n be 15/6*1*k. Let o(x) = x + 6 - n*x + x**2 + 0*x. Calculate o(4).
6
Suppose -4*y + 2*y = 8, 5*y + 40 = 5*g. Suppose -5*z = -g*z + 5. Let r(l) be the second derivative of l**4/12 + 5*l**3/6 - 3*l**2/2 - 11*l. Determine r(z).
-3
Suppose -3*x + b + 5 = 0, 4*x - 3 = b + 2. Suppose -5*w = -10*w + 4*a + 50, 3*w + 3*a - 3 = x. Let q(g) = -g + 2. Calculate q(w).
-4
Let y(w) = -w**3 - 2 - 4 + 9*w + 1 + 3*w**2 - 3*w. Determine y(4).
3
Suppose -4*c = -v - 14, 3*v + 2*v = -2*c + 18. Let s = 16 - 16. Let l(w) = s*w**2 - 3 + 2 + w**3 - 2*w**v. What is l(2)?
-1
Let x(w) be the third derivative of -w**4/24 + 5*w**3/3 + 8*w**2. Let n(v) = v**3 - 5*v**2 - 5*v - 6. Let a be n(6). Calculate x(a).
10
Let g(t) = t**2 + 6*t + 5. Suppose -16*b = -11*b + 25. Determine g(b).
0
Let a(v) = -v**2 + 8*v - 6. Let h be a(6). Let q(c) = -c**2 + 5*c + 5. Give q(h).
-1
Let x be (-4)/2*5/(-2). Let k(c) = -x*c + 8 - 8 + 4*c. Give k(-1).
1
Let r(v) be the second derivative of -v**5/20 - v**4/3 - 2*v**3/3 - 3*v**2/2 - 7*v. Calculate r(-3).
0
Let z(d) = -8*d**2 - 9. Let g(y) = -3*y**2 - 3. Let a(n) = 11*g(n) - 4*z(n). Suppose l + 5*b = 16, -l = b - 8 - 0. Suppose 2*t - 4*t = l. Determine a(t).
-6
Let w = 35 - 31. Let v(x) = -x**2 + 2*x - 2. Calculate v(w).
-10
Let s(j) = -j**2 + 3*j - 2. Let h = 24 - 21. What is s(h)?
-2
Let o(d) be the third derivative of d**4/8 + 3*d**3/2 + 10*d**2. What is o(-6)?
-9
Let o(g) be the first derivative of -2*g**3/3 + 2*g + 1. Suppose 11*f - 24 = 15*f - 4*z, -3*z + 12 = 0. Determine o(f).
-6
Let g(a) = 4*a**3 - 9 + 25 - 11*a**2 - 22 - 3*a**3. Determine g(11).
-6
Let j(h) = -5*h**3 - 9*h**2 - 3*h + 24. Let c(a) = 6*a**3 + 11*a**2 + 4*a - 23. Let u(v) = 4*c(v) + 5*j(v). What is u(0)?
28
Let w = 17 - 31. Let p be 2 + 0 - (1 + w). Suppose 5*x + p = -b, 3*b + 3*x + 23 = 2. Let g(d) = -d**2 - 7*d - 6. Give g(b).
4
Let s(y) be the third derivative of -y**4/12 + 5*y**3/3 - 6*y**2 - 1. Give s(8).
-6
Let a(h) = -3*h + 1. Let i = -42 + 45. What is a(i)?
-8
Let c(i) be the third derivative of i**6/120 - 2*i**5/15 + 5*i**4/12 - 4*i**3/3 - 42*i**2. Determine c(6).
-20
Let y(i) = i**2 + i - 2. Suppose 4 = -3*s + 13. Give y(s).
10
Let c be 6*1 - (-1 + 1). Let s(m) be the first derivative of m**2 - 5*m + 78. Determine s(c).
7
Suppose -p = 2*l + p - 2, 2*l = p + 8. Let h be 2 + (-4)/l*-3. Suppose 4*s = 5*v - 7, -3*s + h + 0 = 0. Let r(y) = -y. Determine r(v).
-3
Let f(i) be the second derivative of i**5/20 - i**4/4 - 5*i**3/6 - i**2/2 + 2*i + 10. Determine f(4).
-5
Let v(f) be the first derivative of -f**7/840 + f**6/120 + f**5/20 - f**4/12 + 2*f**3/3 + 4. Let a(z) be the third derivative of v(z). Calculate a(4).
6
Let q(c) = 6*c**3 + 2*c**2 - 1. Suppose -6*g = -2*g - 1